{"id":160,"date":"2025-11-19T13:39:04","date_gmt":"2025-11-19T13:39:04","guid":{"rendered":"https:\/\/tierklinik-sonnberg.at\/?page_id=160"},"modified":"2026-04-08T09:36:24","modified_gmt":"2026-04-08T09:36:24","slug":"labor","status":"publish","type":"page","link":"https:\/\/tierklinik-sonnberg.at\/?page_id=160","title":{"rendered":"Labor"},"content":{"rendered":"<h5>In unserem Labor f\u00fchren wir wichtige Untersuchungen selbst schnell durch. Wir verwenden:<\/h5>\n<ul>\n<li>\n<h5>Mikroskope f\u00fcr die Untersuchung von Blut-, Punktions-, Kot- und Hautproben und diverser K\u00f6rperfl\u00fcssigkeiten. Auch eine zytologische Tumordiagnose geh\u00f6rt dazu.<\/h5>\n<\/li>\n<li>\n<h5>Blutanalyseger\u00e4te zur Bestimmung aller wichtiger Blutparameter.<\/h5>\n<\/li>\n<li>\n<h5>Ein PCR Ger\u00e4t zur Analyse von Krankheitserregern.<\/h5>\n<\/li>\n<\/ul>\n<p><img loading=\"lazy\" decoding=\"async\" class=\"alignnone size-medium wp-image-149\" src=\"https:\/\/tierklinik-sonnberg.at\/wp-content\/uploads\/2025\/11\/K800_IMG00228-300x169.jpg\" alt=\"\" width=\"300\" height=\"169\" srcset=\"https:\/\/tierklinik-sonnberg.at\/wp-content\/uploads\/2025\/11\/K800_IMG00228-300x169.jpg 300w, https:\/\/tierklinik-sonnberg.at\/wp-content\/uploads\/2025\/11\/K800_IMG00228-1024x577.jpg 1024w, https:\/\/tierklinik-sonnberg.at\/wp-content\/uploads\/2025\/11\/K800_IMG00228-768x433.jpg 768w, https:\/\/tierklinik-sonnberg.at\/wp-content\/uploads\/2025\/11\/K800_IMG00228.jpg 1064w\" sizes=\"auto, (max-width: 300px) 100vw, 300px\" \/> Wurmei von Trichuris. spp. unter dem Mikroskop<\/p>\n<p>&nbsp;<\/p>\n<ul>\n<li>\n<h5>Weiters entnehmen wir auch Blutausstriche und Gewebeproben, die wir mit speziellen F\u00e4rbemethoden mikroskopisch untersuchen.<\/h5>\n<\/li>\n<li>\n<h5>Wir analysieren Bakterienabstriche auf Ihre Antibiotikaempfindlichkeit.<\/h5>\n<\/li>\n<\/ul>\n","protected":false},"excerpt":{"rendered":"<p>In unserem Labor f\u00fchren wir wichtige Untersuchungen selbst schnell durch. Wir verwenden: Mikroskope f\u00fcr die Untersuchung von Blut-, Punktions-, Kot- und Hautproben und diverser K\u00f6rperfl\u00fcssigkeiten. Auch eine zytologische Tumordiagnose geh\u00f6rt dazu. Blutanalyseger\u00e4te zur Bestimmung aller wichtiger Blutparameter. Ein PCR Ger\u00e4t zur Analyse von Krankheitserregern. Wurmei von Trichuris. spp. unter dem Mikroskop &nbsp; Weiters entnehmen wir [&hellip;]<\/p>\n","protected":false},"author":1,"featured_media":0,"parent":7,"menu_order":0,"comment_status":"closed","ping_status":"closed","template":"page-no-title","meta":{"_themeisle_gutenberg_block_has_review":false,"footnotes":""},"class_list":["post-160","page","type-page","status-publish","hentry"],"_links":{"self":[{"href":"https:\/\/tierklinik-sonnberg.at\/index.php?rest_route=\/wp\/v2\/pages\/160","targetHints":{"allow":["GET"]}}],"collection":[{"href":"https:\/\/tierklinik-sonnberg.at\/index.php?rest_route=\/wp\/v2\/pages"}],"about":[{"href":"https:\/\/tierklinik-sonnberg.at\/index.php?rest_route=\/wp\/v2\/types\/page"}],"author":[{"embeddable":true,"href":"https:\/\/tierklinik-sonnberg.at\/index.php?rest_route=\/wp\/v2\/users\/1"}],"replies":[{"embeddable":true,"href":"https:\/\/tierklinik-sonnberg.at\/index.php?rest_route=%2Fwp%2Fv2%2Fcomments&post=160"}],"version-history":[{"count":7,"href":"https:\/\/tierklinik-sonnberg.at\/index.php?rest_route=\/wp\/v2\/pages\/160\/revisions"}],"predecessor-version":[{"id":343,"href":"https:\/\/tierklinik-sonnberg.at\/index.php?rest_route=\/wp\/v2\/pages\/160\/revisions\/343"}],"up":[{"embeddable":true,"href":"https:\/\/tierklinik-sonnberg.at\/index.php?rest_route=\/wp\/v2\/pages\/7"}],"wp:attachment":[{"href":"https:\/\/tierklinik-sonnberg.at\/index.php?rest_route=%2Fwp%2Fv2%2Fmedia&parent=160"}],"curies":[{"name":"wp","href":"https:\/\/api.w.org\/{rel}","templated":true}]}}