{"id":257,"date":"2025-12-10T12:15:29","date_gmt":"2025-12-10T12:15:29","guid":{"rendered":"https:\/\/tierklinik-sonnberg.at\/?page_id=257"},"modified":"2025-12-10T12:17:51","modified_gmt":"2025-12-10T12:17:51","slug":"zahnheilkunde","status":"publish","type":"page","link":"https:\/\/tierklinik-sonnberg.at\/?page_id=257","title":{"rendered":"Zahnheilkunde"},"content":{"rendered":"<p>Z\u00e4hne und deren Erkrankungen sind Teil unserer t\u00e4glichen Arbeit. Wir entfernen Zahnstein, behandeln L\u00f6cher und Entz\u00fcndungen in Z\u00e4hnen und ziehen Z\u00e4hne dann, wenn das unumg\u00e4nglich ist. Zahnfehlstellungen verursachen oft Verletzungen der Maulschleimhaut oder verdr\u00e4ngen andere Z\u00e4hne. Diese versehen wir mit Dehnschrauben um die Wachstumsrichtung zu korrigieren. Das Zahnfleisch wird untersucht und eventuell vorhandene Zahntaschen vermessen und gereinigt bzw. desinfiziert.<\/p>\n<p>Standard f\u00fcr die Zahnbehandlung ist die optische Beurteilung, Zahnr\u00f6ntgen, Zahnreinigung und Politur sowie Hochdruckreinigung mit Granulat und Versiegelung der nun sauberen Oberfl\u00e4che mit Fluorpr\u00e4paraten.<\/p>\n\n<table id=\"tablepress-5\" class=\"tablepress tablepress-id-5\">\n<thead>\n<tr class=\"row-1\">\n\t<th class=\"column-1\"><img loading=\"lazy\" decoding=\"async\" src=\"https:\/\/tierklinik-sonnberg.at\/wp-content\/uploads\/2025\/12\/K800_K800_DSC02644-300x225.jpg\" alt=\"\" width=\"300\" height=\"225\" class=\"alignnone size-medium wp-image-253\" srcset=\"https:\/\/tierklinik-sonnberg.at\/wp-content\/uploads\/2025\/12\/K800_K800_DSC02644-300x225.jpg 300w, https:\/\/tierklinik-sonnberg.at\/wp-content\/uploads\/2025\/12\/K800_K800_DSC02644-768x576.jpg 768w, https:\/\/tierklinik-sonnberg.at\/wp-content\/uploads\/2025\/12\/K800_K800_DSC02644.jpg 800w\" sizes=\"auto, (max-width: 300px) 100vw, 300px\" \/><\/th><th class=\"column-2\"><img loading=\"lazy\" decoding=\"async\" src=\"https:\/\/tierklinik-sonnberg.at\/wp-content\/uploads\/2025\/12\/K1600_DSCN0460-300x225.jpg\" alt=\"\" width=\"300\" height=\"225\" class=\"alignnone size-medium wp-image-254\" srcset=\"https:\/\/tierklinik-sonnberg.at\/wp-content\/uploads\/2025\/12\/K1600_DSCN0460-300x225.jpg 300w, https:\/\/tierklinik-sonnberg.at\/wp-content\/uploads\/2025\/12\/K1600_DSCN0460-1024x768.jpg 1024w, https:\/\/tierklinik-sonnberg.at\/wp-content\/uploads\/2025\/12\/K1600_DSCN0460-768x576.jpg 768w, https:\/\/tierklinik-sonnberg.at\/wp-content\/uploads\/2025\/12\/K1600_DSCN0460-1536x1152.jpg 1536w, https:\/\/tierklinik-sonnberg.at\/wp-content\/uploads\/2025\/12\/K1600_DSCN0460.jpg 1600w\" sizes=\"auto, (max-width: 300px) 100vw, 300px\" \/><\/th><th class=\"column-3\"><img loading=\"lazy\" decoding=\"async\" src=\"https:\/\/tierklinik-sonnberg.at\/wp-content\/uploads\/2025\/12\/K800_IMG_4305-225x300.jpg\" alt=\"\" width=\"225\" height=\"300\" class=\"alignnone size-medium wp-image-252\" srcset=\"https:\/\/tierklinik-sonnberg.at\/wp-content\/uploads\/2025\/12\/K800_IMG_4305-225x300.jpg 225w, https:\/\/tierklinik-sonnberg.at\/wp-content\/uploads\/2025\/12\/K800_IMG_4305-rotated.jpg 600w\" sizes=\"auto, (max-width: 225px) 100vw, 225px\" \/><\/th><th class=\"column-4\"><img loading=\"lazy\" decoding=\"async\" src=\"https:\/\/tierklinik-sonnberg.at\/wp-content\/uploads\/2025\/12\/K800_DSC02650-300x225.jpg\" alt=\"\" width=\"300\" height=\"225\" class=\"alignnone size-medium wp-image-246\" srcset=\"https:\/\/tierklinik-sonnberg.at\/wp-content\/uploads\/2025\/12\/K800_DSC02650-300x225.jpg 300w, https:\/\/tierklinik-sonnberg.at\/wp-content\/uploads\/2025\/12\/K800_DSC02650-768x576.jpg 768w, https:\/\/tierklinik-sonnberg.at\/wp-content\/uploads\/2025\/12\/K800_DSC02650.jpg 800w\" sizes=\"auto, (max-width: 300px) 100vw, 300px\" \/><\/th><th class=\"column-5\"><img loading=\"lazy\" decoding=\"async\" src=\"https:\/\/tierklinik-sonnberg.at\/wp-content\/uploads\/2025\/12\/K800_IMG_0368-225x300.jpg\" alt=\"\" width=\"225\" height=\"300\" class=\"alignnone size-medium wp-image-244\" srcset=\"https:\/\/tierklinik-sonnberg.at\/wp-content\/uploads\/2025\/12\/K800_IMG_0368-225x300.jpg 225w, https:\/\/tierklinik-sonnberg.at\/wp-content\/uploads\/2025\/12\/K800_IMG_0368-rotated.jpg 600w\" sizes=\"auto, (max-width: 225px) 100vw, 225px\" \/><\/th><th class=\"column-6\"><img loading=\"lazy\" decoding=\"async\" src=\"https:\/\/tierklinik-sonnberg.at\/wp-content\/uploads\/2025\/12\/K800_DSC05386-300x225.jpg\" alt=\"\" width=\"300\" height=\"225\" class=\"alignnone size-medium wp-image-241\" srcset=\"https:\/\/tierklinik-sonnberg.at\/wp-content\/uploads\/2025\/12\/K800_DSC05386-300x225.jpg 300w, https:\/\/tierklinik-sonnberg.at\/wp-content\/uploads\/2025\/12\/K800_DSC05386-768x576.jpg 768w, https:\/\/tierklinik-sonnberg.at\/wp-content\/uploads\/2025\/12\/K800_DSC05386.jpg 800w\" sizes=\"auto, (max-width: 300px) 100vw, 300px\" \/><\/th>\n<\/tr>\n<\/thead>\n<tbody class=\"row-striping row-hover\">\n<tr class=\"row-2\">\n\t<td class=\"column-1\">Zahnsteinbildung<\/td><td class=\"column-2\">UV-h\u00e4rtende Plombe<\/td><td class=\"column-3\">Zahnstein bis zur Wurzelspitze<\/td><td class=\"column-4\">Politur nach Reinigung<\/td><td class=\"column-5\">Plombe nach Zahnfraktur<\/td><td class=\"column-6\">Zahnregulierung<\/td>\n<\/tr>\n<\/tbody>\n<\/table>\n<!-- #tablepress-5 from cache -->\n","protected":false},"excerpt":{"rendered":"<p>Z\u00e4hne und deren Erkrankungen sind Teil unserer t\u00e4glichen Arbeit. Wir entfernen Zahnstein, behandeln L\u00f6cher und Entz\u00fcndungen in Z\u00e4hnen und ziehen Z\u00e4hne dann, wenn das unumg\u00e4nglich ist. Zahnfehlstellungen verursachen oft Verletzungen der Maulschleimhaut oder verdr\u00e4ngen andere Z\u00e4hne. Diese versehen wir mit Dehnschrauben um die Wachstumsrichtung zu korrigieren. Das Zahnfleisch wird untersucht und eventuell vorhandene Zahntaschen vermessen [&hellip;]<\/p>\n","protected":false},"author":1,"featured_media":0,"parent":7,"menu_order":0,"comment_status":"closed","ping_status":"closed","template":"page-no-title","meta":{"_themeisle_gutenberg_block_has_review":false,"footnotes":""},"class_list":["post-257","page","type-page","status-publish","hentry"],"_links":{"self":[{"href":"https:\/\/tierklinik-sonnberg.at\/index.php?rest_route=\/wp\/v2\/pages\/257","targetHints":{"allow":["GET"]}}],"collection":[{"href":"https:\/\/tierklinik-sonnberg.at\/index.php?rest_route=\/wp\/v2\/pages"}],"about":[{"href":"https:\/\/tierklinik-sonnberg.at\/index.php?rest_route=\/wp\/v2\/types\/page"}],"author":[{"embeddable":true,"href":"https:\/\/tierklinik-sonnberg.at\/index.php?rest_route=\/wp\/v2\/users\/1"}],"replies":[{"embeddable":true,"href":"https:\/\/tierklinik-sonnberg.at\/index.php?rest_route=%2Fwp%2Fv2%2Fcomments&post=257"}],"version-history":[{"count":3,"href":"https:\/\/tierklinik-sonnberg.at\/index.php?rest_route=\/wp\/v2\/pages\/257\/revisions"}],"predecessor-version":[{"id":269,"href":"https:\/\/tierklinik-sonnberg.at\/index.php?rest_route=\/wp\/v2\/pages\/257\/revisions\/269"}],"up":[{"embeddable":true,"href":"https:\/\/tierklinik-sonnberg.at\/index.php?rest_route=\/wp\/v2\/pages\/7"}],"wp:attachment":[{"href":"https:\/\/tierklinik-sonnberg.at\/index.php?rest_route=%2Fwp%2Fv2%2Fmedia&parent=257"}],"curies":[{"name":"wp","href":"https:\/\/api.w.org\/{rel}","templated":true}]}}